) = -u**2 - 5*u - 5. Let j be q(-4). Let s(p) be the second derivative of 1/2*p**2 + 1/6*p**3 + p + 7/12*p**4 + 0. Give s(j).
7
Let g = 45 + -47. Let y(k) = -k**3 - 3*k**2 - 3*k - 1. Give y(g).
1
Suppose 2*o = -9 - 1. Let s(d) be the first derivative of d**3/3 + 3*d**2 - 3*d + 6. Calculate s(o).
-8
Let s = -8 + 10. Let m(u) = -6 + u**3 - s*u**2 + 5 + 0*u**3. Calculate m(2).
-1
Let b(m) be the third derivative of -m**5/60 - m**4/4 - m**3 - 25*m**2. Determine b(-4).
2
Let d(g) = 6*g + 3*g - 17*g + 2 + 13*g + g**2. What is d(-5)?
2
Let j(p) = -3*p**2 + 2*p + 3. Suppose 41*r = 43*r + 4. Determine j(r).
-13
Let y(r) = r**2 - 3*r - 4. Let i be y(5). Let n = i + -5. Let x(b) = b - 3*b - 3*b. Determine x(n).
-5
Let o(u) be the third derivative of u**6/120 + u**5/15 - u**4/24 - 2*u**3/3 - 9*u**2. Give o(-3).
8
Let i(n) = -9*n**2 - 2*n + 8. Let h(y) = 8*y**2 + 2*y - 7. Let x(l) = -7*h(l) - 6*i(l). Let z be (-12)/5 + (-14)/(-35). Give x(z).
-3
Let t(c) = c**3 + 6*c**2 + c + 1. Let b be t(-6). Let l(p) = p**2 - p + 1. Let j(o) = o**2 - 5*o + 3. Let q(d) = -j(d) + 2*l(d). Give q(b).
9
Let x(q) = -q + 3. Let n(s) = -s**3 + s**2 - s + 1. Let y be n(1). Let a be 3*(2 - 1) + y. Suppose 4*c - 10 + 34 = a*l, 2*c - 6 = -3*l. Determine x(l).
-1
Let z(t) = -t**3 - 6*t**2 - 5*t - 1. Let f(x) = -6*x**2 - 5*x - 4. Let g be f(-1). Determine z(g).
-1
Let b(d) be the second derivative of 0 - d - 1/6*d**3 - d**2. Let y = -36 - -31. Give b(y).
3
Let b be 1 - -1 - (-4 - -3). Let a be 2/b - (-24)/(-9). Let m(c) = -c - 1. What is m(a)?
1
Suppose b + 2 + 1 = 0. Let n(t) = t - 2. What is n(b)?
-5
Let z(x) = x - 2. Let c(a) be the first derivative of -a**3/3 + 2*a**2 + 5*a + 4. Let g be c(5). Calculate z(g).
-2
Suppose -3*m - 3 = 3*f, -3*m - 21 = -6*m + 5*f. Let h(u) = 7 + 2*u**m - 3*u**2 + u + 4. Give h(0).
11
Let s(t) = 2*t**3 - 10*t**2 - 16*t + 17. Let g(r) = -r**3 + 5*r**2 + 9*r - 9. Let y(x) = 7*g(x) + 4*s(x). What is y(6)?
35
Suppose 5*s - 6 = 5*d + 9, 0 = -5*d - 2*s + 20. Let w(m) = 2*m - 8*m - d + 8*m. Determine w(-2).
-6
Let u(d) = -d - 6 + 2 - 1 - 2. Give u(0).
-7
Let a be -6*(1/3 + -1). Suppose 0 = 3*g - w + 6*w + 22, -2*g + 22 = -a*w. Let x(v) = 0*v + g + 1 - v. What is x(0)?
2
Let o(d) = -4*d - 1. Let c be 16/9 - 6/(-27). Let p(s) = -21*s - 4. Let u(k) = c*p(k) - 11*o(k). Let v(q) = -q**2 - 3*q - 2. Let m be v(-3). Determine u(m).
-1
Suppose 0*c + 4*c - 5*d + 5 = 0, 2*c - 1 = -d. Let y = 6 - c. Let j(o) = o**3 - 5*o**2 - 6*o + 7. What is j(y)?
7
Let r(h) = 7*h**2 - 11*h + 1. Let o(c) = 8*c**2 - 12*c. Let w(p) = 6*o(p) - 7*r(p). Let q(k) = k**3 - 5*k**2 - 5*k - 1. Let n be q(6). Calculate w(n).
-7
Let j(n) = -11*n + 1. Let a(y) = -4*y + 12. Let q be a(5). Let m = q - -9. Determine j(m).
-10
Let m(q) = 0*q - q**2 + 5 + 29*q - 36*q. Suppose 3*l = -l - 2*y - 26, 5*y - 12 = l. Calculate m(l).
5
Let q(l) = 1. Suppose -r + 4 = 2. Let c(o) = o**r + 4*o**2 + 6 - o - 4*o**2. Let i(n) = c(n) - 6*q(n). Calculate i(2).
2
Let h(n) = 2*n**2 - 2 - n**3 + 12 - 11. Calculate h(2).
-1
Let w(q) = -7*q**3 + 3*q**2 - 7*q - 21. Let u(r) = -3*r**3 + r**2 - 3*r - 10. Let o(z) = 5*u(z) - 2*w(z). Let g = 42 - 42. What is o(g)?
-8
Let a(t) = t**3 - 4*t**2 - t + 4. Suppose -6*q - 76 = -2*q - o, -3*o - 112 = 5*q. Let l = 23 + q. Calculate a(l).
-8
Let b(t) = t**2 - 5*t - 1. Let r(o) = o**2 + 4*o + 4. Suppose -3*m + 5*y + 0*y - 17 = 0, -3*y + 15 = -3*m. Let k be r(m). Give b(k).
-5
Let h(o) be the third derivative of o**5/60 + o**4/8 - 2*o**3/3 - 13*o**2. What is h(-6)?
14
Let y(i) = i**2 + i + 1. Let d(q) = -9*q**3 + 5*q**2 + q + 4. Let g(n) = d(n) - 3*y(n). What is g(1)?
-8
Let j(i) = 10*i. Let z = 34 + -33. Calculate j(z).
10
Suppose 2*q + 4*z - 6 = 0, 3*z + 2 = 3*q - 7. Suppose s = q*s - 6. Suppose -s*n + 10 = -0*n - 4*y, 0 = -4*n + 2*y. Let b(f) = -3*f**2 - 4*f - 2. Give b(n).
-6
Let y(h) be the second derivative of -h**3 - h**2/2 - h. Suppose 5*d - 3 + 8 = 0. Determine y(d).
5
Let f(m) = 2*m + 3. Let a be f(-5). Let h = a + 8. Let z(s) = 12*s**2 - s. Calculate z(h).
11
Suppose 4 = 3*h - 5. Let r(m) = -6 - 3*m + 3 - h + 3. What is r(-2)?
3
Let g(s) be the second derivative of s**5/20 + s**4/12 + s**3/6 - 12*s - 1. Let z = -2 - -1. What is g(z)?
-1
Let g(s) be the third derivative of -s**4/24 - 5*s**3/6 - 16*s**2. What is g(-5)?
0
Let w(v) be the second derivative of 3*v + 1/6*v**3 - 1/12*v**4 + 0 + 3/2*v**2. Give w(3).
-3
Suppose 6 = i + 9. Let k(v) = -v**3 + 1 + 0*v**3 + 0*v**3 + 4*v - 2*v**2. Give k(i).
-2
Let k(d) = -3 - 6*d**2 + 0*d**2 + 7*d**2 - 2*d. Let a = -1 + -1. Calculate k(a).
5
Let i(y) = 1 + 3*y + 1 + y + 2*y**2. Let k(x) = -x + 5. Let d be ((-8)/(-2))/(7/14). Let w be k(d). What is i(w)?
8
Let k(p) be the third derivative of -p**5/60 + p**4/12 + p**3/3 + 13*p**2. What is k(4)?
-6
Let z(x) = -6 + 3 + 0 - 3*x + 2*x. Suppose -g = g - 12. Calculate z(g).
-9
Suppose 0*z - 5 = z. Suppose -2*h + 3*h = 2. Let k(j) = -4*j + 6 + 3*j**2 + j**h - 5*j**2. What is k(z)?
1
Let c(g) = 2*g - 3*g**3 - g + 2*g**3 - 1. Suppose -t + 4*t - 12 = 0. Let w = t + -3. Give c(w).
-1
Let u be (6/(-4))/(6/(-8)). Let g(j) = 5*j - u*j - j**2 - j. What is g(2)?
0
Suppose 3 = m + 1. Let i(x) = -4*x**m - 4*x**3 - 2 - x**2 + 3*x**2 + 3*x**3. Calculate i(-2).
-2
Let y(g) = g**3 + 4*g**2 + 4*g + 3. Let n be y(-3). Suppose n = -0*i - 3*i. Let v(c) = c + 8. What is v(i)?
8
Let h(o) = -2*o. Let s be h(1). Let y = s - -2. Let p(m) be the second derivative of -m**3/6 + m**2 - 4*m. Determine p(y).
2
Let b(g) = 5*g - 1. Let y be 57/38*(-2)/(-3). Give b(y).
4
Let b(i) = 4*i - 4. Suppose -20 = h - 6*h. Suppose h*d + 3 = 5*d. Calculate b(d).
8
Let s(d) = -d + 2. Let k = 4 - 4. Suppose k = -m + 6 - 2. Suppose 15 = -m*c - 1. What is s(c)?
6
Let a(k) be the first derivative of 3*k**2 - 6*k + 10. Let o(s) = s - 1. Let z(x) = -2*a(x) + 11*o(x). Determine z(-4).
5
Let a(k) = -13*k**2 + 11*k - 9. Let c(g) = -7*g**2 - g - 2. Let u(p) = -6*p**2 - 2. Let h(t) = -3*c(t) + 4*u(t). Let d(q) = 2*a(q) - 9*h(q). What is d(3)?
-6
Let j = 97 + -105. Let q(n) = -n**3 - 7*n**2 + 7*n - 1. Calculate q(j).
7
Let h be 6/12 + (-11)/2. Let m(n) = 1 - 2 + 2*n + 5. Determine m(h).
-6
Let t(n) = -n - 1. Let i be (-13)/52 + 1/4. Determine t(i).
-1
Let z = -189 + 179. Let a(f) = f**3 + 9*f**2 - 11*f - 9. Calculate a(z).
1
Let v(o) = -o - 7. Let a(w) = -4. Let p(d) = 3. Let f(j) = 2*a(j) + 3*p(j). Let g(s) = -5*f(s) - v(s). Determine g(6).
8
Let s(v) = -v**3 - 4*v**2 + 11. Let k(f) = 3*f + 5. Let b(d) = d + 2. Let q(u) = 8*b(u) - 3*k(u). Let r(n) = 5*q(n) - s(n). Give r(-5).
-6
Suppose 3*c = 2*c. Let i(n) = -28*n + 17*n + 12*n - n**2. Determine i(c).
0
Let h(k) = k**3 + 7*k**2 + 7*k + 9. Suppose -3*v + 8 = r - 0, -4*r + 23 = 3*v. Suppose r = -o - 1. Give h(o).
3
Let j be ((-2)/(-4))/((-2)/4). Let q(n) = -3 + n**2 - n - n**3 + 2 - 3*n**3. Calculate q(j).
5
Suppose 15 = -5*f - 2*i - i, f + 4*i = 14. Let p(q) = 2*q + 6. Determine p(f).
-6
Let k be 23 - 29 - -1*8. Let q(n) = 7*n - 1. What is q(k)?
13
Let h(z) = -1. Let d(g) = -2*g - 1. Let p be d(-4). Let i(o) = -8*o - 7. Let c(n) = -7*n - 8. Let s(y) = p*c(y) - 6*i(y). Let a(r) = 6*h(r) - s(r). Give a(-5).
3
Let u(w) be the second derivative of w**3/6 - 7*w**2/2 + 7*w. Determine u(9).
2
Suppose 27 = 4*h - 2*p + 3*p, 31 = 5*h + 4*p. Let v(u) = -u**2 + 8*u - 6. What is v(h)?
1
Let q(d) = 32 - 2*d + d - 40. Determine q(-6).
-2
Let v(m) = -m**2 + 3*m**2 + m - 5 - m**2. Let f(j) = -7*j - 4. Let r(t) = 13*t + 8. Let b(q) = -11*f(q) - 6*r(q). Let a be b(0). Calculate v(a).
7
Suppose m + 2*n = 12, -6*m + 2*m + n + 3 = 0. Let s(p) = -2*p**3 - 7*p + 2*p**2 + 3*p**3 - 1 + p**2 + m*p**2. What is s(-6)?
5
Let n = -5 - -8. Let k(m) = 5*m - n*m + 0 - 1. Let h = 1 - -1. Give k(h).
3
Let m(p) = -p - 1. Let k(z) = z**2 - 6*z - 3. Let d(v) = k(v) - 3*m(v). What is d(3)?
0
Let q(c) = -c. Let m(g) = -6*g - 1. Let p(d) = -m(d) + 2*q(d). Give p(3).
13
Let q(d) = 15*d**3 - 4*d**2 - 15*d + 11. Let f(s) = 7*s**3 - 2*s**2 - 7*s + 5. Let y(i) = 13*f(i) - 6*q(i). Give y(-2).
-15
Let w(k) = -7*k + 1. Suppose 0 = z - 5*z + 2*d - 14, d - 6 = z. What is w(z)?
8
Let d(l) = -l**2 + 2*l + 1. Let m = 5 - 7. Calculate d(m).
-7
Let s(v) be the second derivative of -v**5/60 - v**4/24 - 7*v**3/6 - 7*v. Let x(f) be the second derivative of s(f).